 of 52758.
2, 3, 977
What are the prime factors of 25700?
2, 5, 257
List the prime factors of 1623.
3, 541
List the prime factors of 8489.
13, 653
List the prime factors of 2397.
3, 17, 47
List the prime factors of 428.
2, 107
List the prime factors of 14987.
7, 2141
What are the prime factors of 105084?
2, 3, 7, 139
List the prime factors of 2867.
47, 61
List the prime factors of 8342.
2, 43, 97
What are the prime factors of 11555?
5, 2311
List the prime factors of 3400.
2, 5, 17
What are the prime factors of 12847?
29, 443
What are the prime factors of 117711?
3, 11, 29, 41
What are the prime factors of 2620?
2, 5, 131
What are the prime factors of 50526?
2, 3, 7, 401
List the prime factors of 14811.
3, 4937
List the prime factors of 73572.
2, 3, 6131
List the prime factors of 1216.
2, 19
What are the prime factors of 5064?
2, 3, 211
What are the prime factors of 1403?
23, 61
List the prime factors of 48222.
2, 3, 19, 47
What are the prime factors of 10751?
13, 827
List the prime factors of 355.
5, 71
List the prime factors of 10188.
2, 3, 283
List the prime factors of 207997.
207997
List the prime factors of 10700.
2, 5, 107
List the prime factors of 4846.
2, 2423
List the prime factors of 757.
757
What are the prime factors of 14014?
2, 7, 11, 13
List the prime factors of 81627.
3, 7, 13, 23
What are the prime factors of 1683?
3, 11, 17
List the prime factors of 1527.
3, 509
List the prime factors of 15452.
2, 3863
List the prime factors of 50525.
5, 43, 47
What are the prime factors of 18425?
5, 11, 67
List the prime factors of 2523.
3, 29
List the prime factors of 3203.
3203
List the prime factors of 168592.
2, 41, 257
What are the prime factors of 13756?
2, 19, 181
What are the prime factors of 3527?
3527
What are the prime factors of 1171?
1171
What are the prime factors of 101?
101
What are the prime factors of 15510?
2, 3, 5, 11, 47
What are the prime factors of 483?
3, 7, 23
What are the prime factors of 7283?
7283
What are the prime factors of 1423?
1423
List the prime factors of 45718.
2, 22859
What are the prime factors of 4663?
4663
What are the prime factors of 4922?
2, 23, 107
List the prime factors of 2040.
2, 3, 5, 17
List the prime factors of 82149.
3, 139, 197
What are the prime factors of 2267?
2267
What are the prime factors of 702?
2, 3, 13
List the prime factors of 1378.
2, 13, 53
What are the prime factors of 2076?
2, 3, 173
What are the prime factors of 4029?
3, 17, 79
List the prime factors of 775.
5, 31
List the prime factors of 15587.
11, 13, 109
List the prime factors of 11591.
67, 173
List the prime factors of 79.
79
What are the prime factors of 12952?
2, 1619
What are the prime factors of 19981?
13, 29, 53
List the prime factors of 1243.
11, 113
What are the prime factors of 15990?
2, 3, 5, 13, 41
What are the prime factors of 45422?
2, 13, 1747
What are the prime factors of 918?
2, 3, 17
List the prime factors of 13236.
2, 3, 1103
What are the prime factors of 1199?
11, 109
What are the prime factors of 2431?
11, 13, 17
What are the prime factors of 1139?
17, 67
List the prime factors of 758.
2, 379
What are the prime factors of 298?
2, 149
List the prime factors of 1634.
2, 19, 43
What are the prime factors of 1902?
2, 3, 317
What are the prime factors of 2157?
3, 719
What are the prime factors of 76260?
2, 3, 5, 31, 41
List the prime factors of 23748.
2, 3, 1979
List the prime factors of 3354.
2, 3, 13, 43
What are the prime factors of 17057?
37, 461
List the prime factors of 1182.
2, 3, 197
What are the prime factors of 1642?
2, 821
What are the prime factors of 51678?
2, 3, 11, 29
What are the prime factors of 4030?
2, 5, 13, 31
List the prime factors of 3653.
13, 281
List the prime factors of 664.
2, 83
What are the prime factors of 1708?
2, 7, 61
List the prime factors of 11239.
11239
List the prime factors of 51389.
13, 59, 67
List the prime factors of 1823.
1823
What are the prime factors of 7235?
5, 1447
List the prime factors of 552.
2, 3, 23
List the prime factors of 11.
11
List the prime factors of 17904.
2, 3, 373
What are the prime factors of 7144?
2, 19, 47
What are the prime factors of 4696?
2, 587
List the prime factors of 50904.
2, 3, 7, 101
What are the prime factors of 230?
2, 5, 23
List the prime factors of 6509.
23, 283
List the prime factors of 3487.
11, 317
List the prime factors of 1395.
3, 5, 31
List the prime factors of 120.
2, 3, 5
List the prime factors of 153.
3, 17
List the prime factors of 3943.
3943
What are the prime factors of 99332?
2, 19, 1307
What are the prime factors of 2240?
2, 5, 7
What are the prime factors of 71943?
3, 23981
List the prime factors of 682.
2, 11, 31
What are the prime factors of 1635?
3, 5, 109
List the prime factors of 13697.
13697
What are the prime factors of 992?
2, 31
What are the prime factors of 39867?
3, 97, 137
List the prime factors of 279.
3, 31
List the prime factors of 98.
2, 7
What are the prime factors of 62688?
2, 3, 653
List the prime factors of 8868.
2, 3, 739
What are the prime factors of 1439?
1439
List the prime factors of 122175.
3, 5, 181
List the prime factors of 32769.
3, 11, 331
List the prime factors of 479.
479
What are the prime factors of 43197?
3, 7, 11, 17
List the prime factors of 4048.
2, 11, 23
List the prime factors of 5174.
2, 13, 199
List the prime factors of 55812.
2, 3, 4651
What are the prime factors of 1278?
2, 3, 71
List the prime factors of 7541.
7541
List the prime factors of 12418.
2, 7, 887
List the prime factors of 962.
2, 13, 37
What are the prime factors of 16185?
3, 5, 13, 83
List the prime factors of 16706.
2, 8353
List the prime factors of 471.
3, 157
What are the prime factors of 35247?
3, 31, 379
List the prime factors of 105336.
2, 3, 7, 11, 19
What are the prime factors of 13126?
2, 6563
List the prime factors of 1440.
2, 3, 5
What are the prime factors of 16572?
2, 3, 1381
What are the prime factors of 16770?
2, 3, 5, 13, 43
List the prime factors of 4797.
3, 13, 41
What are the prime factors of 8483?
17, 499
List the prime factors of 5796.
2, 3, 7, 23
What are the prime factors of 10?
2, 5
What are the prime factors of 185?
5, 37
List the prime factors of 41.
41
What are the prime factors of 6093?
3, 677
What are the prime factors of 58687?
58687
List the prime factors of 164.
2, 41
List the prime factors of 126.
2, 3, 7
What are the prime factors of 8039?
8039
What are the prime factors of 4534?
2, 2267
List the prime factors of 1604.
2, 401
What are the prime factors of 10283?
7, 13, 113
What are the prime factors of 2495?
5, 499
What are the prime factors of 52?
2, 13
List the prime factors of 10749.
3, 3583
What are the prime factors of 4293?
3, 53
What are the prime factors of 39359?
39359
List the prime factors of 2983.
19, 157
List the prime factors of 1443.
3, 13, 37
What are the prime factors of 9112?
2, 17, 67
List the prime factors of 24923.
24923
List the prime factors of 684.
2, 3, 19
What are the prime factors of 81513?
3, 3019
What are the prime factors of 5082?
2, 3, 7, 11
What are the prime factors of 268?
2, 67
List the prime factors of 9684.
2, 3, 269
List the prime factors of 17340.
2, 3, 5, 17
What are the prime factors of 6272?
2, 7
List the prime factors of 886.
2, 443
What are the prime factors of 7277?
19, 383
What are the prime factors of 40857?
3, 13619
What are the prime factors of 6650?
2, 5, 7, 19
List the prime factors of 1103.
1103
List the prime factors of 2249.
13, 173
What are the prime factors of 74713?
74713
What are the prime factors of 38609?
38609
List the prime factors of 7167.
3, 2389
What are the prime factors of 415?
5, 83
What are the prime factors of 20308?
2, 5077
List the prime factors of 525.
3, 5, 7
What are the prime factors of 10624?
2, 83
List the prime factors of 121816.
2, 15227
List the prime factors of 2200.
2, 5, 11
What are the prime factors of 81716?
2, 31, 659
List the prime factors of 3363.
3, 19, 59
List the prime factors of 10240.
2, 5
What are the prime factors of 19026?
2, 3, 7, 151
What are the prime factors of 72?
2, 3
What are the prime factors of 678?
2, 3, 113
List the prime factors of 78905.
5, 43, 367
List the prime factors of 18126.
2, 3, 19, 53
What are the prime factors of 1721?
1721
List the prime factors of 133